ppose -22*m + 85356 = -70514. What is the thousands digit of m?
7
Suppose -800 = -2*q - 4*b, -15*q + b - 400 = -16*q. Suppose 5*i - 9 = 1. Suppose i*w - 400 = -0*w + 2*z, 4*z + q = 2*w. What is the tens digit of w?
0
Let j(y) be the second derivative of y**4/12 + y**3/6 + y**2 + 9*y - 5. What is the tens digit of j(23)?
5
Suppose -249*u - 35700 = -256*u. What is the thousands digit of u?
5
Let o be -1*3*(-20)/30. Suppose -6 = -o*i - c, 2*i + 3 = 3*i - 2*c. Suppose -i*p - v + 254 = 0, -5*p + v - 87 = -513. What is the units digit of p?
5
What is the ten thousands digit of 16560*(-1 + 2) - 12*245/420?
1
Suppose 5*i = 6*v + 24727, 3*v - 1265 = -2*i + 8615. What is the tens digit of i?
4
Let m(n) = n - 3*n - 172*n**3 - n - 3 + 170*n**3 + n**2. Let f be m(-3). Let o = 165 - f. What is the tens digit of o?
9
Let w(j) = 918*j**2 + 21*j + 50. What is the units digit of w(-3)?
9
Let z(r) = -11*r**2 - 37*r + 121. Let i be z(-20). Let a = -1896 - i. What is the thousands digit of a?
1
Suppose -13*i + 11*i = 3*f + 9, 3*f - 5*i = -30. What is the tens digit of (4 - (f - -1)) + 64?
7
Let v = 2 + 7. Suppose -o - 2*i - 1 - v = 0, -6 = -5*o + 4*i. Let m = 13 - o. What is the units digit of m?
5
Let u(g) = -29*g + 86. What is the hundreds digit of u(-20)?
6
Let p = -261 - -1821. What is the tens digit of p?
6
Let w = -4686 + 5781. What is the units digit of w?
5
Suppose 4*i - 163094 = 2*h, 3*h - 182902 = -4*i - 19833. What is the ten thousands digit of i?
4
Suppose 784 = p + 3*p. Suppose -5*w + 3*b + 31 - p = 0, 2*w - b = -66. Let f = w - -43. What is the units digit of f?
0
Let c(l) = 3*l**2 + 15*l + 8. Let m(b) = -b**3 + 4*b**2 - 3*b + 4. Let a be m(4). What is the units digit of c(a)?
0
Suppose 36 = 5*k - 2*l, 4*l + 6 = 7*l. What is the tens digit of -162*(96/(-9) + -3 + k)?
1
Suppose 2*o + 2*d - 17 = -5, -5*d + 18 = o. Suppose -269 = -3*z - 2*q, -o*z + 373 - 100 = 3*q. What is the tens digit of z?
8
Suppose -3185 = 6*y + 7*y. Let g = 122 + y. Let l = g - -211. What is the tens digit of l?
8
Suppose -2*r - 259 = 353. Suppose -8*u + 808 = -12*u. Let l = u - r. What is the hundreds digit of l?
1
Let x(j) = j**3 + 5*j**2 + 4*j + 4. Let z be x(-4). Let g = 936 + -934. Suppose -6 = 3*k, -g*i - z*k - k - 8 = 0. What is the units digit of i?
1
Suppose -33*z + 74217 + 172260 = 0. What is the tens digit of z?
6
Let r(v) = -64*v**3 - v**2 - 16*v - 77. What is the ten thousands digit of r(-6)?
1
Let k = 43 + -40. Let z be (-232)/12*(2 - k)*21. Let y = z - 211. What is the tens digit of y?
9
Suppose 30*g - 197 = 13. Suppose 0 = 3*z + q - 1266, -12*z + 2110 = -g*z + 4*q. What is the units digit of z?
2
Suppose 2*n + m = 23524, -150*n - 4*m = -147*n - 35276. What is the hundreds digit of n?
7
Let y(l) = -l**2 - 61*l - 492. What is the tens digit of y(-12)?
9
Suppose -5*n - 3*g = -15, -3*n - g = -1 - 4. Suppose n*m - 2*m + r = 339, 4*r = 5*m + 852. Let s = -93 - m. What is the tens digit of s?
7
Suppose -q - u - 106 = -471, -4*q + 3*u + 1481 = 0. What is the hundreds digit of q?
3
Let b = 31294 + -11095. What is the tens digit of b?
9
Let j(l) = 3*l**3 - 11*l**2 - 9*l + 4. Let v(m) = 7*m**3 - 24*m**2 - 18*m + 7. Let c(k) = -9*j(k) + 4*v(k). What is the units digit of c(5)?
7
Let i(o) = -7 + 12 - 24*o - 12*o - 4. Let r = -9 - -8. What is the tens digit of i(r)?
3
Let f be -1*(11 - (-16)/4). Let i = f + 24. Suppose -i*j + 458 = -55. What is the units digit of j?
7
Suppose 5*r - 30240 = -5*j, 7*j = -2*r + 63407 - 21071. What is the thousands digit of j?
6
Let m = 42673 - 22970. What is the tens digit of m?
0
What is the units digit of -101 - -93 - -1*1407?
9
Let t = 63478 - 44447. What is the units digit of t?
1
Let y(a) = a**3 - 2*a**2 + 2*a. Let c be y(1). Suppose -2*x + 4*n + 15 = c, 4*x - n = 7. Suppose 6*t = 41 + x. What is the units digit of t?
7
Let i = -40122 + 44989. What is the hundreds digit of i?
8
Let r = 20447 + -8447. Suppose -75*c = -87*c + r. What is the units digit of c?
0
Let u be 27/(-9) + 3/((-9)/768). Let p = u + 99. Let w = -55 - p. What is the tens digit of w?
0
Let y(r) = 13*r**2 - 4*r - 2. Let c be y(2). Suppose c = -2*l + 74. What is the units digit of (-3518)/(-16) - 4/(l*-2)?
0
Let f = -270 + 309. Suppose 38*s - f*s = -419. What is the tens digit of s?
1
Let s be ((-4)/12)/(2/(-24)) - -210. Suppose 3*u + 171 = 3*f - 159, 0 = -2*f - 4*u + s. What is the units digit of f?
9
Suppose -10*z + 14 + 66 = 0. Suppose 0 = -3*i + 4*i. Suppose i = a - z*a + 245. What is the units digit of a?
5
Let j = 17 + -7. Let k = -40 + j. What is the tens digit of (210/(-25))/(4/k)?
6
Let b = 28479 - 15814. What is the units digit of b?
5
Suppose -2*f - 10 = -4*f, -3*p - f + 20 = 0. Let x(g) = 105*g - 94. What is the hundreds digit of x(p)?
4
Suppose 3*y + 473 = h, 5*y - 3*h = -660 - 131. Let a = 390 - y. What is the tens digit of a?
4
Suppose 0 = -17*m + 13*m + 21644. What is the tens digit of m?
1
Let y(n) = 5*n + 13. Let k(g) = 4*g + 55. Let z be k(-15). Let q be y(z). What is the tens digit of -2 + (-1630)/q - (-19)/114?
3
Let u = -126 + 139. What is the tens digit of 4303/u + 0 + 5?
3
Let c(j) = 3*j - 20. Suppose 0 = 5*h + 25, -f = -3*f + 3*h + 35. Let l be c(f). Suppose 244 = l*g - 8*g. What is the tens digit of g?
2
Suppose -2*n + 9 = 3. Let t be 126/(-15) - n/5. What is the units digit of (-226)/(-6) - 3/t?
8
Let j = -60 - -60. Let x(w) = -w + 7. Let v be x(6). Suppose j = -4*g + 3*t + 7, -g + t = -1 - v. What is the units digit of g?
1
Suppose 106*f - 3*b - 68509 = 102*f, -85631 = -5*f + 2*b. What is the tens digit of f?
2
Suppose -2*b + 19*k - 16*k = -13798, 0 = -4*k. What is the tens digit of b?
9
Suppose 0 = -5*v + 12 + 1493. Let x = v + -9. What is the units digit of x?
2
Let n = 21 - 7. Let l(c) = -3 - 2*c - 6*c**2 - 2*c**3 - n*c**2 - 3*c**2 + c**3. What is the units digit of l(-23)?
3
Let n be (-3 - -2)/(3/(-1527)). Let k = n - 234. Suppose -3*t + 2*i + 142 = -t, -i = -4*t + k. What is the tens digit of t?
6
Let z = 1497 - -3949. What is the thousands digit of z?
5
Let n be -226*2/(-4)*(1 - -8). Let x = n + -711. What is the units digit of x?
6
Suppose 6186 = -12*v + 6*v. Let r = v - -2326. Suppose -2*y = 5*y - r. What is the units digit of y?
5
Suppose 2 = 2*k + 2*u, -k - 5*u = 2 - 7. Suppose -3*n + k*n - 2*s + 2012 = 0, n - 676 = 2*s. What is the hundreds digit of n?
6
Let a = 167 - 164. Suppose 0 = m - 4*o - 944, -5*m + 4*m = -a*o - 939. What is the hundreds digit of m?
9
Let j = 280 + -476. Let y = -72 - j. Let p = 207 - y. What is the tens digit of p?
8
Let b(u) = u**3 + 6*u**2 + 8*u + 5. Let d be b(-4). Suppose d = -z + 9. Suppose -6*t - z*t = -1210. What is the hundreds digit of t?
1
Let s = 525 - 520. Suppose 4113 = s*l + 4*l. What is the hundreds digit of l?
4
Let q(l) = -66*l**3 - 11*l**2 - 4*l - 13. What is the thousands digit of q(-4)?
4
Let t(y) = -3*y**2 - 9*y - 7. Let c be t(-7). Let p = 134 + c. Suppose 4*i - p = 21. What is the units digit of i?
6
Suppose -578*n = -523*n - 39380. What is the tens digit of n?
1
Suppose -95*z + 1254900 = 5*z. What is the tens digit of z?
4
Let w be 54/15 - 2/(-5). Suppose 2*u + 2*k = -10, w*u - u - 2*k - 5 = 0. What is the tens digit of (u + 0)/(9/(-774))?
8
Suppose -2*k = 3*c - c - 12354, -4*k + 24693 = c. What is the thousands digit of k?
6
Let n(j) = j**2 + 17. Suppose 0*v + 5*v - 41 = -3*k, -k = -2*v + 23. Let g be 9 - v - 14/(2/1). What is the units digit of n(g)?
1
Suppose 2236 + 582 = 2*i. Suppose -991 - i = -5*o. What is the hundreds digit of o?
4
Let i = -22003 + 53970. What is the hundreds digit of i?
9
Let o = 241 - -3007. Suppose -10*x + o = -2*x. What is the tens digit of x?
0
Suppose -120555 - 310189 - 329741 = -55*n. What is the units digit of n?
7
Suppose 20*o - 1338847 = -29*o - 22*o. What is the ten thousands digit of o?
1
Suppose 12 = -256*q + 260*q. Suppose -4*v - 370 = -w - 5*v, -q*v = 3. What is the units digit of w?
1
Let n(l) = -4*l**3 - 6*l**2 - 4*l + 15. Let y be 12/(-9)*(-5 - -8). What is the hundreds digit of n(y)?
1
Suppose 19*g = 35*g - 15*g - 6018. What is the units digit of g?
8
Let y = 3 - -1. Let w(r) = -5 - 2*r**3 + 3*r**3 + 4*r - 4 + 11. What is the units digit of w(y)?
2
Suppose 4*v - 2*o = v + 18371, -4*v - 2*o = -24504. Suppose -31*y + 24*y = -v. What is the units 